= 6180*o - 16054. Calculate z(3).
2486
Let h(z) = 19*z**3 + 587*z**2 - 15*z + 51. What is h(-31)?
-1406
Let m(y) = -y**3 - 2*y**2 + 1226*y + 4879. Give m(-4).
7
Let u(o) = 811*o + 59332. Give u(-72).
940
Let t(p) = 7627*p - 83907. Determine t(11).
-10
Let l(n) = 155832*n - 7012535. Calculate l(45).
-95
Let x(y) = -y**3 - 98*y**2 - 758*y - 313. Give x(-8).
-9
Let f(g) = -911*g + 41171. Determine f(45).
176
Let s(y) = -2*y**3 + 406*y**2 + 398*y - 18. Determine s(204).
-2058
Let r(h) = 2*h**3 - 81*h**2 - 207*h + 3661. Determine r(42).
259
Let p(t) = -10*t**2 - 637*t + 845. What is p(-65)?
0
Let d(l) = -3*l**3 - 54*l**2 + 80*l - 54. Calculate d(-19).
-491
Let x(m) = 9*m**2 - 1981*m - 31748. Give x(-15).
-8
Let s(p) = 1404*p**2 - 4213*p + 3. Calculate s(3).
0
Let p(k) = -223*k**2 + 2769*k - 11038. What is p(4)?
-3530
Let z(h) = 4*h**3 - 10*h**2 - 2*h + 102. Calculate z(4).
190
Let t(r) = 309*r**2 + 8*r + 36. What is t(-2)?
1256
Let s(h) = -383148*h - 14559630. Determine s(-38).
-6
Let d(h) = -14*h**2 - 319*h - 2799. What is d(-9)?
-1062
Let c(d) = 15*d + 104. Give c(4).
164
Let y(k) = 29*k**2 + 3591*k - 614. What is y(-124)?
6
Let u(l) = 189*l - 47810. Determine u(270).
3220
Let q(b) = -16*b**2 - 134*b - 162. Calculate q(-9).
-252
Let y(c) = -12185*c + 1084422. Give y(89).
-43
Let q(b) = -130379*b - 1825333. Give q(-14).
-27
Let k(x) = 42*x**2 - 6228*x - 10823. Calculate k(150).
-23
Let k(u) = -4*u**3 + 15*u**2 + 46*u + 89. Calculate k(-3).
194
Let a(p) = -p**3 - 40*p**2 - 117*p - 3857. Give a(-38).
-2299
Let z(g) = 2*g**3 + 11*g**2 - 25*g - 163. What is z(-5)?
-13
Let y(w) = 7*w**3 - 406*w**2 + 395*w - 11. Calculate y(57).
-239
Let u(z) = 3*z - 1270. Give u(3).
-1261
Let c(q) = 12*q**3 - 14*q**2 + 22*q + 57. Calculate c(0).
57
Let g(s) = -s**2 - 62*s + 36. Calculate g(-63).
-27
Let u(y) = y**3 - 179*y**2 - 1866*y - 4500. Calculate u(189).
36
Let d(q) = -q**2 + 105256*q - 421016. Calculate d(4).
-8
Let y(r) = 21*r**3 + 41*r**2 + 214*r + 426. What is y(-2)?
-6
Let h(x) = 2*x**3 + 57*x**2 - 39*x - 4405. Determine h(-26).
-11
Let a(g) = -g**2 - 207*g - 6400. Determine a(-39).
152
Let m(y) = -y**3 - 528*y**2 + 5353*y - 14542. Give m(-538).
-16
Let g(q) = -883*q + 7083. Determine g(8).
19
Let c(d) = -2*d**3 + 117*d**2 - 568*d + 314. What is c(53)?
1109
Let w(h) = -h**3 - 54*h**2 - 522*h - 198. Give w(-12).
18
Let q(v) = 133*v**2 - 995*v + 202. Determine q(8).
754
Let o(y) = -2*y**3 + 12*y**2 - 1177*y + 5803. What is o(5)?
-32
Let r(q) = -161577*q - 484729. Calculate r(-3).
2
Let r(l) = l**3 + 12*l**2 + 1564*l + 15442. Calculate r(-10).
2
Let r(i) = -614*i - 35167. Calculate r(-64).
4129
Let w(t) = -203*t**2 + 663*t - 164. Give w(3).
-2
Let a(v) = -33*v**2 + 8869*v - 83395. Determine a(259).
3
Let u(k) = -62249*k + 560227. Determine u(9).
-14
Let z(q) = -149*q + 5874. Give z(29).
1553
Let u(k) = k**2 + 358*k + 5911. Give u(-341).
114
Let a(f) = -2*f**3 - 120*f**2 + 117*f - 112. Calculate a(-61).
193
Let n(c) = -301*c**2 + 3613*c + 83. Determine n(12).
95
Let d(w) = -3*w**3 - 10*w**2 + 1701*w - 3373. What is d(2)?
-35
Let c(y) = -4315*y - 138089. Give c(-32).
-9
Let z(l) = 143*l - 2998. Determine z(28).
1006
Let v(b) = -2*b**2 + 650*b - 15582. What is v(26)?
-34
Let f(d) = -24*d**2 + 3392*d + 9221. Calculate f(144).
5
Let p(m) = m**3 + 145*m**2 - 44260*m - 2977. Determine p(-295).
-27
Let c(p) = 2973*p + 493453. What is c(-166)?
-65
Let n(x) = 12*x**3 + 1534*x**2 - 1803*x + 199. What is n(-129)?
-188
Let d(m) = 629*m + 32732. What is d(-52)?
24
Let l(y) = -1035075*y - 6210446. What is l(-6)?
4
Let r(u) = 79*u**2 - 6714*u - 11. Give r(85).
74
Let z(b) = -10*b**3 + 4*b**2 - 635*b - 2553. Give z(-4).
691
Let u(i) = -3856*i - 32945. Calculate u(-9).
1759
Let d(l) = 3*l**3 - 27*l**2 - 113*l + 642. Calculate d(6).
-360
Let m(h) = -3*h**3 + 23*h**2 - 21*h + 63. Determine m(8).
-169
Let q(j) = j**3 + 35*j**2 - 410*j - 9903. Give q(-39).
3
Let n(d) = d**3 - 22*d**2 + 126*d - 124. Give n(12).
-52
Let r(w) = -380*w + 3415. Give r(13).
-1525
Let h(o) = -4*o**2 + 1358*o + 15470. Determine h(-11).
48
Let j(m) = 4*m**3 - 203*m**2 - 605*m - 1. Calculate j(-3).
-121
Let s(a) = -7*a**3 + 59*a**2 + 67*a - 1009. Determine s(6).
5
Let c(i) = i**3 + 359*i**2 + 31973*i - 1364. Give c(-195).
1
Let c(o) = 10*o**2 - 5940*o + 35245. Determine c(6).
-35
Let i(n) = -395*n - 78463. What is i(-198)?
-253
Let a(m) = m**3 + 9*m**2 - 937*m - 11272. Give a(-12).
-460
Let b(c) = -261413*c - 2091297. Calculate b(-8).
7
Let h(c) = -75729*c - 6815616. Give h(-90).
-6
Let i(o) = 3*o**2 - 131*o + 1437. What is i(22)?
7
Let d(r) = 15*r**3 - 5131*r**2 - 5125*r + 7. What is d(-1)?
-14
Let h(a) = -2*a**3 + 25*a**2 + 5484*a - 60. What is h(59)?
-237
Let b(c) = -743969*c - 1487890. Give b(-2).
48
Let b(m) = -m**3 + 9*m**2 - 224*m + 623. What is b(3)?
5
Let g(l) = 10617*l + 84766. Give g(-8).
-170
Let i(n) = -n**3 + 31*n**2 - 88*n + 434. What is i(29)?
-436
Let c(h) = h**3 + 14*h**2 + 316*h + 3977. What is c(-13)?
38
Let u(c) = -3904*c + 2326773. What is u(596)?
-11
Let j(o) = -o**3 - 4*o**2 + 313*o - 324. Give j(20).
-3664
Let x(l) = -4906*l + 9935. What is x(2)?
123
Let m(z) = 109*z**3 - 1934*z**2 + 3036*z + 55. Calculate m(16).
-9
Let c(w) = -3*w**3 - 365*w**2 + 130*w + 1223. Determine c(-122).
247
Let y(i) = 98*i + 9804. Give y(-110).
-976
Let r(n) = -1023*n + 17349. Calculate r(17).
-42
Let o(q) = 6*q**3 + q**2 - 10*q - 18. What is o(-4)?
-346
Let d(f) = -256*f + 24395. What is d(90)?
1355
Let r(v) = 30*v**2 + 422*v - 1492. Give r(-17).
4
Let v(m) = m**3 - 32*m**2 - 484*m + 492. Determine v(43).
19
Let t(s) = 6*s**3 + 960*s**2 + 534*s + 85502. What is t(-160)?
62
Let u(q) = -154*q - 4552. Determine u(-30).
68
Let u(d) = -2*d**2 - 300*d + 12081. Calculate u(-183).
3
Let l(f) = -f**3 - 90*f**2 - 2045*f - 4138. Calculate l(-53).
314
Let u(w) = -45*w**3 - 92*w**2 + 41*w + 29. Give u(-3).
293
Let a(d) = 2*d**2 - 89968*d - 449838. What is a(-5)?
52
Let k(r) = 884949*r + 884955. Determine k(-1).
6
Let w(t) = 4*t**3 - 10*t**2 + 12*t - 21. What is w(6)?
555
Let p(r) = -33*r**3 - 18*r**2 + 14*r + 228. Calculate p(4).
-2116
Let f(d) = 352*d**2 + 14778*d + 96. What is f(-42)?
348
Let d(k) = 3*k**3 - 28*k**2 - 22*k + 135. Calculate d(11).
498
Let z(t) = -243*t - 6995. What is z(-42)?
3211
Let c(w) = -w**3 - 86*w**2 - 356*w - 22963. Calculate c(-85).
72
Let l(s) = s**2 - 70*s + 1128. Calculate l(44).
-16
Let p(n) = -n**2 + 40*n + 35466. What is p(212)?
-998
Let k(g) = 4*g**2 + 1536*g - 82947. What is k(48)?
-3
Let c(p) = -p**3 + 35*p**2 + 222*p - 7683. Determine c(33).
1821
Let g(r) = 2*r**3 + 154*r**2 - 45*r - 14966. Determine g(-76).
6
Let r(d) = 823*d**3 + 4*d**2 - 3*d - 2. Determine r(1).
822
Let x(z) = -39*z**2 + 74*z + 359. What is x(-2)?
55
Let m(a) = a**2 + 5275*a + 471718. Determine m(-91).
-26
Let n(v) = 8*v**2 - 1250*v - 13984. Determine n(-11).
734
Let j(n) = -109*n**2 - 3276*n - 26. Determine j(-30).
154
Let h(d) = -2576*d**2 - 12*d + 12. Calculate h(1).
-2576
Let y(j) = 54498*j**2 - 109003*j + 10. Give y(2).
-4
Let m(b) = -996*b - 18837. Determine m(-19).
87
Let h(n) = 145172*n - 15388229. Give h(106).
3
Let r(d) = -d**3 - 25*d**2 + 132*d - 516. Calculate r(-30).
24
Let x(r) = 4*r**3 - 30*r**2 + 25*r + 85. Calculate x(3).
-2
Let o(a) = a**3 + 13*a**2 - 383*a - 2145. What is o(-5)?
-30
Let v(x) = -x**3 - 6*x**2 + 108*x + 544. Give v(9).
301
Let o(n) = -35*n**3 - n**2 - 686*n - 1377. What is o(-2)?
271
Let z(k) = k**2 + 11*k - 810. Calculate z(21).
-138
Let p(s) = -2*s**2 + 26*s + 34540. Give p(-125).
40
Let i(a) = 14*a**2 + 418*a + 1126. What is i(-3)?
-2
Let g(d) = -3*d**2 - 455*d - 110. Calculate g(-158).
-3112
Let m(x) = 25*x**2 + 341*x + 3971. What is m(-12)?
3479
Let w(t) = t**3 - 54*t**2 - 89*t + 4740. Calculate w(54).
-66
Let k(p) = 37*p**3 + 2*p**2 - 667*p + 1325. Calculate k(2).
295
Let l(d) = -1064*d + 6457. Calculate l(5).
1137
Let h(t) = -t**2 - 502*t - 8527. Calculate h(-17).
-282
Let b(m) = 4*m**2 + 15516*m - 93415. Give b(6).
-175
Let u(p) = -1618*p + 8930. Calculate u(4).
2458
Let g(c) = -c**3 - 48*c**2 - 702*c - 18760. Give g(-42).
140
Let d(i) = -59787*i - 1255541. Calculate d(-21).
-14
Let z(m) = -1541*m**2 + 81637*m - 75. Determine z(53).
-1983
Let v(q) = -q**3 + 1197*q**2 